4523 is divided by 2145.
203
What is the remainder when 184815 is divided by 9724?
59
Calculate the remainder when 17940678 is divided by 2562947.
49
What is the remainder when 11675625 is divided by 16?
9
What is the remainder when 386070 is divided by 171?
123
What is the remainder when 1688901 is divided by 168874?
161
Calculate the remainder when 8414236 is divided by 7968.
28
Calculate the remainder when 5731990 is divided by 29.
24
Calculate the remainder when 312743 is divided by 2742.
155
What is the remainder when 27896 is divided by 6?
2
Calculate the remainder when 16860362 is divided by 809.
802
Calculate the remainder when 40163 is divided by 6652.
251
What is the remainder when 10138818 is divided by 669?
123
Calculate the remainder when 822893 is divided by 17.
8
What is the remainder when 641916 is divided by 641670?
246
Calculate the remainder when 6775671 is divided by 204.
15
What is the remainder when 8852914 is divided by 2018?
1966
What is the remainder when 1137199 is divided by 54149?
70
What is the remainder when 1429927 is divided by 68?
23
Calculate the remainder when 10414642 is divided by 1397.
7
Calculate the remainder when 324202 is divided by 6897.
43
What is the remainder when 3578997 is divided by 60?
57
What is the remainder when 55896284 is divided by 1552673?
56
What is the remainder when 435241 is divided by 2473?
2466
What is the remainder when 3404215 is divided by 1134670?
205
What is the remainder when 1592959 is divided by 10082?
3
What is the remainder when 833575 is divided by 359?
336
Calculate the remainder when 25796 is divided by 325.
121
What is the remainder when 1163660 is divided by 299?
251
Calculate the remainder when 158161 is divided by 4059.
3919
Calculate the remainder when 3069604 is divided by 2037.
1882
Calculate the remainder when 24270083 is divided by 12135024.
35
What is the remainder when 303735 is divided by 354?
3
Calculate the remainder when 3147389 is divided by 1049120.
29
Calculate the remainder when 2081 is divided by 1487.
594
What is the remainder when 718485 is divided by 3557?
3528
What is the remainder when 35575035 is divided by 213024?
27
What is the remainder when 10844 is divided by 10461?
383
Calculate the remainder when 3035006 is divided by 758746.
22
What is the remainder when 19797947 is divided by 115?
7
Calculate the remainder when 6197878 is divided by 156.
154
What is the remainder when 79505 is divided by 11?
8
What is the remainder when 189849 is divided by 6543?
102
What is the remainder when 42942 is divided by 13957?
1071
Calculate the remainder when 8657890 is divided by 100673.
12
What is the remainder when 26155722 is divided by 277?
274
What is the remainder when 1138212 is divided by 189598?
624
What is the remainder when 39122571 is divided by 17?
12
Calculate the remainder when 2737149 is divided by 912381.
6
Calculate the remainder when 382409 is divided by 127444.
77
Calculate the remainder when 843530 is divided by 336.
170
What is the remainder when 243478222 is divided by 44?
42
What is the remainder when 267654 is divided by 88462?
2268
What is the remainder when 208876 is divided by 12078?
3550
What is the remainder when 11837355 is divided by 27?
15
What is the remainder when 8840099 is divided by 1032?
1019
Calculate the remainder when 24206 is divided by 23045.
1161
What is the remainder when 20882 is divided by 87?
2
What is the remainder when 12383065 is divided by 5?
0
What is the remainder when 1205601 is divided by 561?
12
What is the remainder when 4043 is divided by 443?
56
Calculate the remainder when 273284199 is divided by 1691.
1689
What is the remainder when 520762 is divided by 173?
32
Calculate the remainder when 3247 is divided by 1953.
1294
Calculate the remainder when 103035 is divided by 1843.
1670
What is the remainder when 37953535 is divided by 28862?
5
What is the remainder when 270990 is divided by 15?
0
What is the remainder when 3896786 is divided by 1189?
433
What is the remainder when 3934660 is divided by 7917?
7828
Calculate the remainder when 770370 is divided by 70033.
7
What is the remainder when 57968 is divided by 19148?
524
Calculate the remainder when 8096695 is divided by 2024173.
3
Calculate the remainder when 8611040 is divided by 4.
0
Calculate the remainder when 12496293 is divided by 3899.
3897
Calculate the remainder when 66004 is divided by 665.
169
What is the remainder when 47870049 is divided by 12?
9
What is the remainder when 115094 is divided by 261?
254
Calculate the remainder when 1391393 is divided by 345.
8
Calculate the remainder when 373194 is divided by 47.
14
Calculate the remainder when 77960156 is divided by 33.
32
What is the remainder when 1425322 is divided by 514?
0
What is the remainder when 630482 is divided by 35025?
32
Calculate the remainder when 77658247 is divided by 229.
225
What is the remainder when 38667425 is divided by 547?
542
What is the remainder when 72160223 is divided by 96600?
23
Calculate the remainder when 2102018 is divided by 28.
2
Calculate the remainder when 11109132 is divided by 521.
370
Calculate the remainder when 440724 is divided by 6125.
5849
Calculate the remainder when 8714104 is divided by 66.
58
What is the remainder when 5757 is divided by 640?
637
What is the remainder when 5091862 is divided by 379?
376
Calculate the remainder when 93849728 is divided by 3662.
3654
What is the remainder when 16573 is divided by 4120?
93
Calculate the remainder when 9138903 is divided by 4100.
3
Calculate the remainder when 620722 is divided by 654.
76
Calculate the remainder when 19223848 is divided by 2192.
8
What is the remainder when 9963826 is divided by 1078?
950
Calculate the remainder when 27002344 is divided by 6750583.
12
Calculate the remainder when 178024 is divided by 2226.
2170
Calculate the remainder when 42682784 is divided by 5429.
5415
Calculate the remainder when 178990 is divided by 694.
632
Calculate the remainder when 51717636 is divided by 1149.
1146
Calculate the remainder when 2661257 is divided by 247.
79
Calculate the remainder when 704825 is divided by 28138.
1375
Calculate the remainder when 2562493 is divided by 55.
43
What is the remainder when 1832496 is divided by 683?
7
What is the remainder when 3964970 is divided by 168?
2
Calculate the remainder when 174383 is divided by 1051.
968
Calculate the remainder when 44482 is divided by 223.
105
Calculate the remainder when 194767 is divided by 15.
7
Calculate the remainder when 190236 is divided by 190065.
171
Calculate the remainder when 15718051 is divided by 567.
244
Calculate the remainder when 225502 is divided by 572.
134
Calculate the remainder when 997520 is divided by 1308.
824
What is the remainder when 123753 is divided by 1599?
630
Calculate the remainder when 55063692 is divided by 140.
12
What is the remainder when 5728852 is divided by 13?
12
What is the remainder when 2512095 is divided by 928?
927
Calculate the remainder when 470042 is divided by 212.
38
What is the remainder when 461028 is divided by 51224?
12
Calculate the remainder when 4587544 is divided by 5120.
24
What is the remainder when 1470068 is divided by 210005?
33
Calculate the remainder when 1766664 is divided by 4530.
4494
Calculate the remainder when 49172 is divided by 673.
43
Calculate the remainder when 237827 is divided by 5340.
2867
Calculate the remainder when 145716729 is divided by 54.
51
Calculate the remainder when 2754306 is divided by 522.
234
What is the remainder when 23818 is divided by 5859?
382
What is the remainder when 1283755 is divided by 234?
31
Calculate the remainder when 18623 is divided by 520.
423
What is the remainder when 937994 is divided by 154?
134
Calculate the remainder when 4569976 is divided by 245.
236
Calculate the remainder when 3675615 is divided by 243.
240
What is the remainder when 2999661 is divided by 999813?
222
What is the remainder when 319763230 is divided by 436835?
10
What is the remainder when 6372096 is divided by 2124031?
3
What is the remainder when 17100440 is divided by 3890?
0
Calculate the remainder when 3977193 is divided by 233897.
944
Calculate the remainder when 185750773 is divided by 3943.
3929
What is the remainde